817.
367, 220351
List the prime factors of 1565438595.
3, 5, 7, 19, 41299
What are the prime factors of 2973307880?
2, 5, 74332697
What are the prime factors of 131107615?
5, 241, 108803
List the prime factors of 125939055.
3, 5, 11, 763267
What are the prime factors of 212893714?
2, 11, 9676987
List the prime factors of 59069633.
7, 8438519
List the prime factors of 88915801.
13, 19, 27691
What are the prime factors of 2861545534?
2, 101, 313, 45259
List the prime factors of 46899878.
2, 23449939
List the prime factors of 11330478.
2, 3, 47, 59, 227
What are the prime factors of 1680996232?
2, 67, 181, 17327
List the prime factors of 70426746.
2, 3, 13, 71, 157
What are the prime factors of 79987863?
3, 26662621
List the prime factors of 855628601.
7027, 121763
What are the prime factors of 305709749?
89, 1777, 1933
What are the prime factors of 1367825602?
2, 11, 13, 4782607
What are the prime factors of 57036110?
2, 5, 5703611
What are the prime factors of 72201523?
72201523
What are the prime factors of 199100809?
12583, 15823
List the prime factors of 8146534.
2, 11, 353, 1049
List the prime factors of 158916.
2, 3, 17, 19, 41
What are the prime factors of 110696405?
5, 43, 514867
What are the prime factors of 41935989?
3, 41, 367, 929
What are the prime factors of 1495325491?
11, 17, 1621, 4933
What are the prime factors of 6322866907?
7, 903266701
What are the prime factors of 873234091?
19, 89, 27179
What are the prime factors of 90845639?
90845639
What are the prime factors of 301655079?
3, 11, 31, 227, 433
What are the prime factors of 103203749?
11, 9382159
List the prime factors of 901251019.
59, 281, 54361
List the prime factors of 157323853.
31, 167, 30389
What are the prime factors of 1946489618?
2, 19, 659, 4091
What are the prime factors of 35928748?
2, 8982187
What are the prime factors of 363737381?
7, 51962483
What are the prime factors of 208228438?
2, 11, 127, 74527
What are the prime factors of 423275387?
29, 14595703
List the prime factors of 95653750.
2, 5, 59, 1297
What are the prime factors of 5101905836?
2, 17, 47, 1596341
What are the prime factors of 132617301?
3, 149, 296683
What are the prime factors of 4955730426?
2, 3, 617, 446221
What are the prime factors of 240784439?
7, 103, 333959
What are the prime factors of 3986430?
2, 3, 5, 7, 41, 463
List the prime factors of 31850833.
7, 650017
List the prime factors of 30263252.
2, 7565813
What are the prime factors of 322952810?
2, 5, 359, 89959
List the prime factors of 4983883.
61, 81703
What are the prime factors of 98033088?
2, 3, 510589
What are the prime factors of 41775400?
2, 5, 208877
List the prime factors of 5861045529.
3, 251, 2594531
What are the prime factors of 85454308?
2, 17, 1256681
List the prime factors of 31821847.
467, 68141
List the prime factors of 123339126.
2, 3, 20556521
What are the prime factors of 23880911?
2953, 8087
What are the prime factors of 24564279?
3, 113, 72461
What are the prime factors of 68747089?
68747089
List the prime factors of 511193951.
11953, 42767
List the prime factors of 1336745465.
5, 11, 233, 104311
List the prime factors of 3970220982.
2, 3, 7, 13, 197, 5273
What are the prime factors of 96296522?
2, 7, 19, 43, 8419
What are the prime factors of 804108636?
2, 3, 17, 29, 45307
What are the prime factors of 4391556170?
2, 5, 439155617
What are the prime factors of 26751991?
7, 545959
What are the prime factors of 2585054129?
7, 6563, 56269
What are the prime factors of 441143453?
73, 2239, 2699
What are the prime factors of 365589481?
365589481
List the prime factors of 2666184499.
11, 251, 965659
What are the prime factors of 884314537?
884314537
What are the prime factors of 763487956?
2, 7, 11, 61, 40637
List the prime factors of 171881725.
5, 6875269
What are the prime factors of 27125834?
2, 71, 191027
What are the prime factors of 608336665?
5, 349, 348617
What are the prime factors of 281074628?
2, 23, 132833
List the prime factors of 2341329156.
2, 3, 109, 596669
What are the prime factors of 2160726497?
59, 151, 242533
What are the prime factors of 15466110?
2, 3, 5, 11, 46867
List the prime factors of 6083657230.
2, 5, 7, 17, 101, 1033
List the prime factors of 675756564.
2, 3, 7, 877, 9173
List the prime factors of 368784080.
2, 5, 7, 67, 9829
List the prime factors of 689802148.
2, 7, 24635791
List the prime factors of 991192476.
2, 3, 82599373
List the prime factors of 534038910.
2, 3, 5, 47, 67, 5653
What are the prime factors of 48944609?
7, 733, 9539
What are the prime factors of 17203411?
17203411
What are the prime factors of 2855993980?
2, 5, 7, 89, 229213
What are the prime factors of 996666816?
2, 3, 5190973
What are the prime factors of 369013355?
5, 2111, 34961
What are the prime factors of 2602224?
2, 3, 17, 1063
List the prime factors of 8808416164.
2, 2549, 863909
List the prime factors of 26675122.
2, 13337561
What are the prime factors of 3216054807?
3, 7, 17016163
What are the prime factors of 3744479733?
3, 53, 23550187
List the prime factors of 340560898.
2, 17, 1423, 7039
List the prime factors of 1670325405.
3, 5, 7, 199, 79939
What are the prime factors of 133718629?
11, 37, 53, 6199
List the prime factors of 928062110.
2, 5, 7639, 12149
List the prime factors of 422829636.
2, 3, 37, 59, 16141
What are the prime factors of 5719679815?
5, 83, 701, 19661
List the prime factors of 226516850.
2, 5, 7, 311, 2081
What are the prime factors of 18156316?
2, 53, 85643
List the prime factors of 349283728.
2, 131, 166643
List the prime factors of 337808171.
67, 5041913
List the prime factors of 1048635429.
3, 17, 101, 203579
List the prime factors of 3173858020.
2, 5, 29, 5472169
List the prime factors of 87543951.
3, 11, 2652847
List the prime factors of 1100401.
1049
List the prime factors of 34764090.
2, 3, 5, 37, 31319
List the prime factors of 23782246.
2, 563, 21121
List the prime factors of 44901049.
44901049
List the prime factors of 456930567.
3, 2381, 21323
What are the prime factors of 4780584682?
2, 2390292341
List the prime factors of 74599543.
74599543
List the prime factors of 1972984479.
3, 13099, 50207
What are the prime factors of 1647043482?
2, 3, 7, 39215321
List the prime factors of 1126709853.
3, 375569951
List the prime factors of 438418085.
5, 7, 29, 59, 7321
What are the prime factors of 17196694?
2, 8598347
What are the prime factors of 4212454246?
2, 7, 11, 13, 300589
What are the prime factors of 211744587?
3, 1381, 51109
List the prime factors of 131019372.
2, 3, 11, 330857
What are the prime factors of 13441449?
3, 7, 640069
What are the prime factors of 8863817?
17, 521401
List the prime factors of 481332811.
1307, 368273
List the prime factors of 486399612.
2, 3, 40533301
List the prime factors of 42921209.
17, 19, 83, 1601
What are the prime factors of 362342877?
3, 13, 9290843
What are the prime factors of 48262244?
2, 67, 101, 1783
What are the prime factors of 6937158928?
2, 7, 223, 39679
List the prime factors of 64609296.
2, 3, 101, 13327
What are the prime factors of 18438969?
3, 179, 34337
What are the prime factors of 1270368019?
461, 1021, 2699
What are the prime factors of 175780830?
2, 3, 5, 103, 163, 349
List the prime factors of 44753345.
5, 7, 13, 41, 2399
List the prime factors of 226060221.
3, 75353407
What are the prime factors of 130487749?
7, 53, 509, 691
What are the prime factors of 2079146667?
3, 13, 4100881
List the prime factors of 155460036.
2, 3, 17, 23, 1949
What are the prime factors of 67097557?
769, 87253
What are the prime factors of 251863187?
1721, 146347
What are the prime factors of 44663655?
3, 5, 569, 5233
List the prime factors of 101790298.
2, 31, 277, 5927
List the prime factors of 496207076.
2, 124051769
List the prime factors of 672995700.
2, 3, 5, 13, 97, 593
List the prime factors of 190022935.
5, 29, 37, 35419
What are the prime factors of 390921109?
233, 1677773
List the prime factors of 2719523721.
3, 71, 179827
What are the prime factors of 5429626056?
2, 3, 17, 4435969
List the prime factors of 164360018.
2, 43, 1911163
List the prime factors of 5371457.
7, 13, 67, 881
What are the prime factors of 1236292828?
2, 43, 491, 14639
What are the prime factors of 559733695?
5, 263, 425653
List the prime facto